e factors of g.
2
Suppose -2*z = -6*z. Suppose y - 13 = -z*y - 5*b, 2*b = y - 27. List the prime factors of y.
23
Suppose -3*s = 2*l - 5, 3*l - s = -4*s + 6. Let q(m) = 3*m + 1. Let j be q(l). Suppose -2*i = -j*d - 12, -2*i + 3*d + 14 = -1. List the prime factors of i.
2, 3
What are the prime factors of ((-18)/(-4))/(-6 + (-153)/(-24))?
2, 3
Suppose -a + 0*a = -z - 49, z = 0. List the prime factors of a.
7
Let u(n) = -n - 3. Let j be u(-4). Let q = 3 - j. List the prime factors of (1/(-2))/(q/(-32)).
2
List the prime factors of 4*(-3)/(-3) - -103.
107
Suppose 2*d + 49 - 161 = 4*j, 111 = 2*d - 5*j. Let g = -12 + 22. What are the prime factors of g/(-15) - d/(-6)?
3
Let t(f) = 85*f**2. List the prime factors of t(-1).
5, 17
Let s = 2 + -4. Let b = s - -3. List the prime factors of 0 + 5 + (b - 2).
2
Suppose -5*k = x - 15, 2 = x + x - 4*k. Suppose -f + x*m = -5, m - 6 = -f + 5*m. List the prime factors of f.
2, 5
Suppose -100 = -28*f + 24*f. List the prime factors of f.
5
Suppose -3*i = i + 1068. What are the prime factors of i/(-15) + 3/15?
2, 3
Suppose a - 4 - 38 = 0. What are the prime factors of a?
2, 3, 7
Suppose -2*p + 149 = f, 3*p = f + 95 + 126. List the prime factors of p.
2, 37
Let t be 8/(1 + 9/(-15)). Let s = t + -7. What are the prime factors of s?
13
Suppose -4 = 2*h - 24. What are the prime factors of h?
2, 5
Let j be ((-9)/3 + 2)*-26. Suppose c - 2*c - 2*y - 5 = 0, 4*c + 5*y + j = 0. Let z = c - -23. What are the prime factors of z?
2, 7
Suppose -3 = t + 2*g, -3*t - g - 19 = -5. Let c be (-2)/t - (-39)/15. Suppose -4*h + b + 27 = 0, 2*b + 15 = c*h + 3*b. List the prime factors of h.
2, 3
Suppose 4*a - 5*a = 48. Let c = a + 72. List the prime factors of c.
2, 3
Let m = 3 + 11. Let c = -8 + m. List the prime factors of c.
2, 3
Suppose -5*p + 442 = 5*v - 78, -3*p = 5*v - 526. Let r = v - -293. List the prime factors of (-10)/45 - r/(-18).
2, 11
What are the prime factors of ((-24)/(-15))/((-10)/(-25))?
2
Let s be (-3)/9*2*-6. Suppose 0 = -s*f + 12 + 44. List the prime factors of f.
2, 7
Suppose 2*k - 6 = 0, -2*g + 3*k + 127 = 4*k. List the prime factors of g.
2, 31
Suppose 4*g - 70 - 90 = 0. Suppose -3*l + 60 = 4*n, g = n - 5*l + 2. Suppose -5*b + u + 47 = 17, 0 = b - 5*u + n. List the prime factors of b.
7
Let r be (2 - 3) + (0 - 2). What are the prime factors of r*-2*12/9?
2
Let t(u) = -u. What are the prime factors of t(-7)?
7
Let b(k) = -k**3 - 5*k**2 - 4*k + 1. Let v(x) = -x. Let i(h) = -b(h) + 6*v(h). Suppose 3*m - 1 = -5*q - 16, 5*q = 2*m + 10. What are the prime factors of i(m)?
3
Let g(s) = 8*s**2 - s - 7. What are the prime factors of g(-3)?
2, 17
List the prime factors of (-20)/(-15)*174/4.
2, 29
Let h(p) be the second derivative of p**5/20 - 5*p**4/6 + 11*p**3/6 - p**2 + 3*p. List the prime factors of h(9).
2
Suppose 23 = 4*u + 99. Suppose 5*v - 89 - 56 = f, 5*v - 145 = -3*f. Let j = v + u. What are the prime factors of j?
2, 5
Let l be ((-1)/2)/(1/2). Let k(p) be the second derivative of p**4/3 - p**3/6 - p**2/2 + p. List the prime factors of k(l).
2
What are the prime factors of 18/5*15/2?
3
Let q(b) = b**3 + 3*b + 145. What are the prime factors of q(0)?
5, 29
Let y(h) = -h**2 + 4*h + 29. Let r(l) = -3*l**2 + 11*l + 87. Let g(c) = 3*r(c) - 8*y(c). List the prime factors of g(0).
29
Let g(i) = -27*i**3 - i**2 + 2*i - 1. Let a be g(1). List the prime factors of 18/a - 22/(-6).
3
Let n(r) = -5*r. Let s be n(1). List the prime factors of (s - -3)/((-6)/21).
7
Suppose -4*y = -4*d - 56, -3*d + 0*y = y + 26. Let b = 19 + d. List the prime factors of b.
3
Suppose 2*c = 10 + 10. What are the prime factors of c?
2, 5
Let r(w) = 5*w**2 + 0*w**3 + w**3 - 4*w**2 - 5. Let i be r(0). Let b = 7 + i. What are the prime factors of b?
2
What are the prime factors of 6/(-21) + 170/7?
2, 3
Let c(q) = -4*q - 4. Let o be c(-5). Suppose -4*x + 1 = -3*n, -4*x + 3 + 23 = 2*n. Suppose j + o = n*j. What are the prime factors of j?
2
Let k(t) = t**3 - 2*t**3 + 2 - 3*t + 5*t**2 + 1. Let b be 1 + 1 + 2 + -1. List the prime factors of k(b).
2, 3
Suppose 0 = -0*k - 3*k. Suppose k*c = c. Suppose -12 = -u - c. List the prime factors of u.
2, 3
Suppose -2*t - a + 22 = -2*a, -5*t = -4*a - 52. List the prime factors of t.
2, 3
Let s(c) = -c**2 + 24*c + 1. List the prime factors of s(8).
3, 43
Suppose 3*p - 9 = -3. Suppose -2*h - 2*v + 56 = -0*h, 0 = p*v. What are the prime factors of h?
2, 7
Let h(o) be the third derivative of -7*o**6/360 + o**4/24 - o**2. Let f(m) be the second derivative of h(m). What are the prime factors of f(-1)?
2, 7
Suppose 3*p - 14 = -5, 2*a + 2*p = 178. List the prime factors of a.
2, 43
Let k(j) = -2*j. Let l be k(-2). Suppose -l*f = -f - 39. List the prime factors of f.
13
Let l be (-6)/(-24) + (-25)/4. Let v(f) = -f - 2. Let q be v(l). List the prime factors of 4/10*(1 + q).
2
Let a be (-2)/(-7) - 66/(-14). Suppose -3*z = -5 + 2. Let n = a + z. What are the prime factors of n?
2, 3
Suppose 5*a = 0, -2*a = -0*u + 3*u - 9. Suppose -u*s = s - 28. List the prime factors of s.
7
Let g(y) = 3*y**2 + 7*y + 1. Let w be g(-3). Let p = w + 27. What are the prime factors of p?
2, 17
Let q(v) = -3*v**3 + 22*v**2 - 2*v + 3. List the prime factors of q(7).
2, 19
Let o = -203 - -323. What are the prime factors of o?
2, 3, 5
Let z be (-3)/(-2)*(-100)/(-2). Suppose -4*q + z = -3*c, 2*c = 5*q - q - 74. What are the prime factors of q?
2, 3
Let n be 3/12 + (-42)/8. List the prime factors of (3 + n)/4*-42.
3, 7
Let p(h) = h**2 - 7*h + 8. List the prime factors of p(6).
2
Let j(c) be the first derivative of c**2/2 - 9*c + 3. Let q be j(7). Let x = q + 9. What are the prime factors of x?
7
Let q = 2 - 0. Suppose -q*u = -6 + 2. List the prime factors of u.
2
Suppose 3*h = 2*h + 8. Let z(s) = s + s**3 - 5*s - 2*s - 4 - 1 - 7*s**2. List the prime factors of z(h).
11
Let l = 3 - 2. Let i be 1 - l/((-1)/5). What are the prime factors of 34/i - 6/9?
5
Suppose -11 - 10 = -m. Let u = 17 + m. Suppose -3*p - 3*d + 24 = 0, d - 2*d + u = 4*p. What are the prime factors of p?
2, 5
Let k(r) = -r + 10. List the prime factors of k(-7).
17
Suppose -4*j - 3*o + 19 = -116, -j + 2*o = -20. List the prime factors of j.
2, 3, 5
Let o(c) = c**2 + 1. Let k(y) = 3*y**2 - 5*y + 5. Let g(i) = -k(i) + 4*o(i). Let f be g(-6). Suppose -5 = -f*p + 5. List the prime factors of p.
2
What are the prime factors of 21 - 4/(8/2)?
2, 5
Suppose -w - 3*p = -83, -p + 81 = -w + 2*w. What are the prime factors of w?
2, 5
Let n = 62 - -8. Let t = n - 50. What are the prime factors of t?
2, 5
Suppose -5 = -3*r - 2. Let d(c) = -2*c + 1 + c**2 + 13*c**2 + 5*c**2 - 5*c**2. List the prime factors of d(r).
13
Let j be -3 + (-2)/((-4)/10). Suppose -4*o + 146 = i, -o + j*i - 10 = -42. What are the prime factors of o?
2, 3
Suppose k = -2*f + 5*k + 12, 2*k + 10 = -f. Let j(a) = 2*a**2 + 3*a + 3. Let v be j(f). Suppose -v*z + 36 = 6. List the prime factors of z.
2, 3
Let a(w) = w + 8. Let o be a(-8). What are the prime factors of o - -1 - (-10 + -3)?
2, 7
Let p(r) = r**3 + 6*r**2 + 3*r - 4. Let j be p(-5). Suppose j = 2*q - 8. List the prime factors of q.
7
Let a(s) = 0*s**2 - 4*s + 3*s + 2*s**2 - 1. Let n(m) = -m**2 - 4*m - 1. Let j be n(-3). What are the prime factors of a(j)?
5
Let u(c) = -c**3 - 5*c**2 - c - 1. Suppose 2*w = -0*w - 10. What are the prime factors of u(w)?
2
Let d be (0/2)/(6 - 7). Let b(n) = n**3 + n + 2. List the prime factors of b(d).
2
Suppose -2*a + 8 + 56 = 0. List the prime factors of (6/(-4))/((-6)/a).
2
Let t(i) = -i**3 - 2*i**2 + 22*i + 4. List the prime factors of t(-9).
373
Let v(d) = d**2 - 7*d + 8. Let u be v(7). Let k = u - 2. What are the prime factors of k?
2, 3
Let i(f) be the second derivative of -f**5/20 + f**4/2 - f**3/6 - 2*f**2 + f. What are the prime factors of i(5)?
2
Suppose -30 = -3*t + 48. List the prime factors of t.
2, 13
Let u(a) = -31*a - 30. What are the prime factors of u(-5)?
5
Suppose 12*d - 288 = 10*d. List the prime factors of d.
2, 3
Let k(y) = -y + 2. Let r(c) = 2*c - 5. Let q(o) = 7*k(o) + 3*r(o). Let v be q(9). List the prime factors of v/5 - (1 + -10).
7
Suppose -390 = -2*i - 4*i. What are the prime factors of i?
5, 13
Let r = 9 - 6. Suppose 5*f + r = 23, -18 = -2*l + f. List the prime factors of l.
11
Let z be 4/(-14) - 80/(-35). Suppos